+ (-2 - 0)?
1
What is the value of 1 - 1 - (0 - (0 - -3))?
3
What is (94 - 86) + -2 + -5?
1
-15 + 6 + 2 + 13
6
Evaluate (3 - 2 - (11 + -5)) + 1.
-4
What is -39 + 32 - (-1 + 6) - -6?
-6
Evaluate 34 + -46 + (0 - -6).
-6
Calculate -2 + -1 + (1 - -1) - 2.
-3
Evaluate (-7 - -5) + (5 + -5 - -12).
10
(2 - 5) + -1 + 4 + 5
5
Evaluate -4 + 3 + -1 + -2.
-4
What is 1 - -5 - (-1 + 0 - -2)?
5
Calculate 6 + 0 - (-1 - -2).
5
Evaluate 3 + -3 + 1 + -2.
-1
What is the value of 1 - 2 - (-78 - -69)?
8
Evaluate -1 - 1 - (-3 + (16 - 8)).
-7
What is -10 - (-9 - (12 + -4))?
7
Evaluate -25 + 18 + -1 + 2.
-6
Calculate 2 + (-4 + -5 - -5) - 0.
-2
Calculate 0 + (-1 - -6) + -5 + 4.
4
0 + 0 + 3 + 0
3
What is (-20 - -27) + (-9 - 2)?
-4
What is the value of -1 + -4 + (4 - -4 - -7)?
10
Calculate (8 - 2) + -2 + (0 - 0).
4
Evaluate (-2 - ((1 - 5) + 5)) + 3.
0
Evaluate 46 + -42 + (-1 - 1) + -1.
1
-1 - (5 - (9 - 1))
2
What is 6 - (-4 - (3 - 1 - 4))?
8
(-7 - -3 - (1 - 1)) + 9
5
What is 4 - 2 - (2 - 4)?
4
1 + (10 - 8) - 2
1
Evaluate 3 + (0 + -2 - (-15 - -14)).
2
Evaluate -1 + 2 + (5 + 0 - 4).
2
Evaluate -4 + 6 + (0 - -1 - 3).
0
Evaluate -11 - -10 - (-9 + 9).
-1
Evaluate -3 + (3 + -1 - (-7 - -2)).
4
What is the value of -5 - (-4 + -1 - -4)?
-4
What is -3 + 0 + 9 - 8?
-2
Calculate 13 + -9 + 1 + -9.
-4
Calculate -2 - (2 - 6 - -4).
-2
Evaluate 1 + 9 + -9 - (-2 - -8).
-5
What is the value of 13 - (-2 - -4) - 16?
-5
What is -4 - 5 - (-1 + -6 + 5)?
-7
Evaluate 2 + -5 - (-3 + 0).
0
Evaluate -1 + (3 - 6) + 0.
-4
What is 0 + (4 - 2 - 3)?
-1
What is 3 + -6 + (4 - 1)?
0
Evaluate (-2 + 0 - -4) + -3 + 0.
-1
Evaluate -9 - (-2 - (0 + 5)) - 7.
-9
Evaluate 1 + -1 + (-4 - -5).
1
What is 11 - (-2 + (-2 + 11 - 4))?
8
What is the value of -2 - (3 + (-12 - -11))?
-4
What is the value of 1 + -1 + 3 + -3 + -3?
-3
What is the value of (4 - (0 + -1)) + -3?
2
What is -14 + 24 - (0 + 1)?
9
Calculate 1 + (4 - (-2 - -1 - -4)).
2
What is (-3 - -1 - (-67 - -61)) + -2?
2
Calculate 4 + (0 - 0) + 2 + 1.
7
(-2 - -9) + (0 - 22) + 7
-8
What is the value of 1 - (16 + -8) - -2?
-5
Evaluate 16 + -1 - (-1 - -11).
5
8 - (8 - 2) - 3
-1
What is 3 + -6 + -3 - -4?
-2
What is -2 + 3 - (1 - (5 + 0))?
5
Calculate -6 + 7 - (-1 - 1).
3
Calculate 5 - (10 - (4 + -1) - 6).
4
Calculate 3 + 0 + (35 - 33).
5
What is (-2 - -3 - -3 - 1) + -2?
1
Evaluate 4 - (4 - (0 + -2)).
-2
-8 - -7 - -7 - 11 - -5
0
Evaluate -24 + 28 - (4 - 2).
2
What is -9 - (-2 - 6) - 3?
-4
-17 + 14 + 6 + 0 + 2
5
What is 13 - (-8 + 3 + 11 + 0)?
7
What is the value of (-1 - 7) + -125 + 134?
1
Calculate 0 - (2 - (5 + -6)).
-3
Evaluate 4 + (7 + -18 - -5) + 8.
6
Calculate -3 - (-15 - -7) - -1.
6
Evaluate -2 + 4 - (-4 + 1 + 1).
4
Evaluate (5 + -5 - 5) + 11 + -7.
-1
Calculate 2 + -2 + (-1 - -6).
5
What is the value of 1 + 4 + 56 + -61?
0
Evaluate 3 + 6 + -2 - (9 - 3).
1
What is the value of (-4 - (1 + -7)) + (0 - 1)?
1
Evaluate -1 - (-2 + 1 + 5).
-5
What is the value of -5 + 17 + -8 - (1 + 1)?
2
Calculate 3 + 0 - ((-5 - -3) + 7).
-2
What is (3 - -2 - 2 - 0) + -2?
1
-2 - (0 + -3) - (-15 - -16)
0
Calculate 5 - (-12 + 8 - -9) - 0.
0
Calculate 2 - ((3 - 4) + -2).
5
15 + -6 + -6 - -3
6
Calculate -1 - 2 - (-8 - -10).
-5
-1 + -3 + (1 - -2) - 3
-4
Calculate -7 + (-2 - (8 + -20)) + -6.
-3
What is -4 - ((2 - 7) + 1)?
0
What is (2 - 8) + (-2 - -5 - -5)?
2
What is the value of 2 + (-8 - -17) + -6?
5
3 + 3 + (0 - -2) + -2
6
-22 - -19 - (2 - 1)
-4
Evaluate 8 + -9 - (-5 + 5).
-1
Calculate -4 + (3 - -1) - 4.
-4
Calculate (-1 - -10) + 4 + -4 + -5.
4
Evaluate (20 - 23) + 7 + -1.
3
What is the value of (-2 - -1) + -17 + 22 + -12?
-8
What is the value of (5 - 5) + 6 - 4?
2
What is 1 + -5 - (13 - 13)?
-4
Calculate -2 - 0 - (-4 + 10 - 11).
3
What is the value of 5 - (10 + -8 + 9)?
-6
Calculate (1 - (1 + -4)) + 2.
6
Evaluate 1 + -2 + 3 - 1.
1
(-3 - -6) + -6 + 2
-1
Evaluate (2 + -10 - -16) + -13.
-5
What is (-7 - -23) + -7 + (0 - 3)?
6
What is -4 + -11 + -4 + (7 - -1)?
-11
What is the value of (-1 - -2) + -5 + -1?
-5
-10 - -15 - (5 + -2)
2
What is 9 - -1 - -7 - 10?
7
Calculate 16 + -17 - (-6 + 0).
5
What is the value of -2 - ((-3 - 2) + 4)?
-1
Calculate -7 - (7 - (-7 + 9) - 12).
0
Calculate 3 - -1 - 2 - (0 - 1).
3
What is (0 - -3) + (5 - 1)?
7
What is -5 + 11 + -8 + 2?
0
Calculate -3 - ((3 - -4) + -5).
-5
What is the value of -3 + (4 - 3) + 6 + -5?
-1
What is (3 - 5) + (1 - -3)?
2
What is the value of -2 + (6 + 3 + 1 - 3)?
5
Calculate -4 + -1 + 7 + -4.
-2
Calculate (14 - 4) + 2 + -4.
8
3 - (1 + 3 + (-3 - -8))
-6
What is the value of -4 + (-1 - (-6 + 4)) - 0?
-3
Evaluate -4 + -3 + -3 + 14.
4
Calculate (10 - 18) + 2 + -1 + 0.
-7
11 - (21 - 11) - -10
11
What is the value of -8 + (-2 + -4 - -9)?
-5
What is the value of (-2 - 2 - -6) + -2?
0
48 + -53 - (-2 - 0)
-3
Evaluate -5 + 0 + 12 + -3.
4
(-2 - (-3 - -2)) + 61 + -53
7
Evaluate 14 + -18 - (-9 - -2).
3
Calculate -3 + 9 - (43 + -41).
4
5 - 1 - (-5 + 0)
9
What is -5 + 5 + 0 + 2?
2
-3 + -2 + 5 + (-1 - 3)
-4
Calculate (-25 - (-3 - 9)) + 20.
7
What is (4 - (3 - -4)) + (10 - 2)?
5
What is the value of 8 + -11 + 6 + (3 - 1)?
5
What is (1 - -3) + (5 - 4) + -6?
-1
Evaluate 4 - -1 - 3 - (4 - 1).
-1
What is the value of -2 - (4 + -4 - -3)?
-5
Calculate 3 + 5 - (-4 + 11 + 4).
-3
-5 - -3 - (0 - 0) - 2
-4
What is -1 - -4 - 4 - (4 + -2)?
-3
Evaluate -4 + -4 + 2 - -2.
-4
Calculate -2 + (13 - 5) + -2.
4
What is the value of -2 + (-1 - 2) + -4 + 9?
0
-1 + 1 + (-3 - -4) + -1
0
Calculate -3 - (2 - -3 - 3 - 0).
-5
What is 8 - 5 - (-3 - 1) - 0?
7
Calculate (23 - 28) + (-1 - 2) + 1.
-7
What is the value of 3 + -9 + 2 + 1?
-3
What is the value of -5 - 3 - (1 - (0 + 3))?
-6
What is the value of (5 - 7) + -5 + (-1 - -6)?
-2
Calculate -8 - -7 - (1 - 0 - -2).
-4
-1 + -9 + 4 + 0
-6
Evaluate -1 - -6 - 7 - 5.
-7
What is -3 - ((6 - 9) + -5)?
5
What is -4 - ((12 - 24) + 7)?
1
What is the value of 1 + (8 - (-3 - -8))?
4
-1 + (5 - 12) - -10
2
What is 5 - (1 + (2 - -1 - 2))?
3
Calculate -2 + -5 + (9 - 7) + 7.
2
2 - (-2 + 1 + (3 - 4))
4
What is the value of 7 + (-2 - 3) + (11 - 5)?
8
What is 8 + 0 + (-8 - -4)?
4
Evaluate -1 - (1 - (1 + 10)).
9
Evaluate (-6 - (-21 - -6)) + -17.
-8
What is the value of 0 - (1 + 2) - (151 - 155)?
1
Evaluate 1 + -1 + -18 + 12 + 0.
-6
Evaluate 113 - 100 - (-1 - -1 - -7).
6
5 - (6 + 5) - -3
-3
2 - (6 - 3 - 5)
4
Evaluate 4 + 0 - 3 - 3.
-2
0 + -4 + (-1 - 0)
-5
Evaluate (-1 - -6) + (5 + -11 - -4).
3
(1 - -1) + 5 + -1
6
Evaluate 1 + -3 + (10 - 11).
-3
(-13 - -11) + (-1 - 2)
-5
What is the value of 2 + -4 + (19 - 14)?
3
Evaluate 0 - (9 - 2 - 1).
-6
Calculate 5 + 7 + -7 + -1.
4
What is 1 - (1 + -2 + 5)?
-3
Calculate 2 + (3 - 1 - 11 - -2).
-5
Evaluate (-2 - -5) + (-2 - 1) + 0.
0
Evaluate 4 + -15 - (-3 - 7).
-1
What is the value of 4 - (1 + 5 + -5 - -1)?
2
(-2 + -4 - -9) + (0 - 4)
-1
Evaluate (1 - 3) + 3 + -1 + 1.
1
-16 + 6 + 0 - -11
1
Evaluate -4 + 4 - (8 + -12).
4
What is 1 + -1 + 0 - -4?
4
Evaluate 3 - 4 - (-3 - (7 - 5)).
4
Calculate -11 + 19 + -6 + 0.
2
Evaluate 3 - (1 + (0 + -3 - -2)).
3
Evaluate 3 + 1 + -1 + 1 + -1.
3
What is 3 - (-12 + 11) - 7?
-3
What is -9 + (0 - (8 + -16))?
-1
What is the value of 9 + 7 + -12 + 0?
4
Calculate -3 + (2 - -8) + (-3 - 1).
3
What is the value of 3 - (-5 - (-11 - -1)) - 2?
-4
-1 - (12 - 20) - 17
-10
-6 - (-8 + 4) - -4
2
Evaluate -10 - -6 - (-2 + 0).
-2
Calculate (2 - 3 - (-3 + 4)) + -1.
-3
What is -1 - -3 - (15 - 10)?
-3
What is -1 + 3 + -2 - -4?
4
What is 20 - 19 - (-4 - 0)?
5
Evaluate (-1 - -7) + (-4 - -2).
4
What is 7 + -1 + -7 + 1 + 6?
6
4 + 7 + -5 - (3 - 0)
3
Evaluate -3 + 4 - (3 + -3).
1
Evaluate -2 + 4 + -9 - (-4 - -2).
-5
Evaluate 5 - (-3 - -7 - 0).
1
3 + (-4 + 3 - -1)
3
What is the value of 1 + 2 - (-22 + 21)?
4
2 + -2 + 6 - 6
0
Evaluate -5 - (-1 + 2 + 0 + -4).
-2
Calculate (6 - -10) + (5 + -20 - -9).
10
Evaluate 1 - (8 + -6 - -7).
-8
-9 + (5 - (2 - 0))
-6
What is 2 + -8 + 4 + -3?
-5
What is 11 + (0 - (-2 - -1)) + -4?
8
Calculate -2 + 2 - (103 + -112).
9
Calculate 4 - (-6 - (-8 + 3)).
5
0 + (-5 - -1) + -5 + 5
-4
Evaluate 5 - ((12 - (7 + -4)) + -2).
-2
Evaluate -3 + -1 + 9 + (5 - 7).
3
What is (4 - 3) + -4 + 0?
-3
Calculate 0 - (-7 - (-7 + 6)).
6
Evaluate (-3 - 1) + 6 - 3.
-1
0 + 2 - (1 - -6 - 4)
-1
Calculate (-3 - -2) + 0 + 1 + -1.
-1
Evaluate (1 + -1 - -6) + -3 - 7.
-4
Calculate (-1 - (1 - -4)) + 6 + -6.
-6
Calculate -13